e 327112?
True
Does 195 divide 916256?
False
Does 74 divide 7595434?
True
Is 238917 a multiple of 19?
False
Is 14 a factor of 1941761?
False
Does 315 divide 2013795?
True
Is 41 a factor of 481176?
True
Is 51 a factor of 199257?
True
Does 845 divide 3809467?
False
Is 126 a factor of 71442?
True
Does 203 divide 486591?
True
Is 5 a factor of 11875?
True
Does 13 divide 177008?
True
Does 40 divide 5310840?
True
Is 531 a factor of 7452543?
False
Is 17184134 a multiple of 590?
False
Is 1252360 a multiple of 20?
True
Does 73 divide 1262887?
False
Is 836871 a multiple of 40?
False
Is 45 a factor of 195750?
True
Does 26 divide 521794?
True
Is 36 a factor of 4783632?
False
Is 164752 a multiple of 268?
False
Is 358836 a multiple of 34?
True
Is 63 a factor of 519155?
False
Does 154 divide 485562?
True
Is 35 a factor of 83720?
True
Does 300 divide 626400?
True
Is 732810 a multiple of 5?
True
Is 51 a factor of 2547807?
True
Is 69 a factor of 58855?
False
Is 50 a factor of 3451359?
False
Is 1433732 a multiple of 1579?
True
Is 1247796 a multiple of 23?
True
Is 2390732 a multiple of 379?
True
Is 480396 a multiple of 6?
True
Does 31 divide 531272?
False
Does 432 divide 332541?
False
Does 212 divide 13690748?
True
Is 7577 a multiple of 6?
False
Is 2 a factor of 25723?
False
Is 117 a factor of 21715785?
True
Is 469186 a multiple of 13?
False
Does 47 divide 96632?
True
Is 359 a factor of 30166?
False
Does 116 divide 1758373?
False
Does 31 divide 85566?
False
Is 227 a factor of 54480?
True
Does 343 divide 7386772?
False
Is 1616895 a multiple of 3?
True
Is 178812 a multiple of 315?
False
Is 1271728 a multiple of 976?
True
Does 16 divide 4720844?
False
Is 70269 a multiple of 177?
True
Is 246 a factor of 532836?
True
Is 9 a factor of 182764?
False
Does 252 divide 9262260?
True
Is 632634 a multiple of 291?
True
Is 1209028 a multiple of 339?
False
Does 24 divide 66937?
False
Is 9 a factor of 3016395?
True
Is 120102 a multiple of 14?
False
Is 46 a factor of 1166587?
False
Is 10671 a multiple of 11?
False
Does 687 divide 21275703?
True
Does 13 divide 2137240?
False
Does 3 divide 1832213?
False
Is 1700544 a multiple of 22?
False
Does 458 divide 1543249?
False
Is 113 a factor of 23055908?
False
Is 89 a factor of 532081?
False
Is 219113 a multiple of 5?
False
Is 31 a factor of 187467?
False
Does 1248 divide 6405401?
False
Is 12 a factor of 308350?
False
Is 33 a factor of 2298755?
False
Is 18900120 a multiple of 15?
True
Is 325 a factor of 3675766?
False
Does 86 divide 557196?
False
Is 635 a factor of 809733?
False
Is 20 a factor of 1574620?
True
Is 19 a factor of 2463733?
False
Is 2686864 a multiple of 1228?
True
Is 10 a factor of 441209?
False
Is 530753 a multiple of 50?
False
Does 4 divide 22549?
False
Does 11 divide 2388518?
True
Does 43 divide 305064?
False
Is 259207 a multiple of 239?
False
Does 193 divide 153199?
False
Is 172 a factor of 2876872?
True
Is 140 a factor of 129275?
False
Is 202555 a multiple of 14?
False
Is 570337 a multiple of 33?
False
Is 14 a factor of 904574?
False
Is 18 a factor of 271874?
False
Is 236 a factor of 17294788?
True
Is 2738150 a multiple of 230?
True
Is 315445 a multiple of 305?
False
Does 291 divide 1955180?
False
Does 22 divide 600559?
False
Is 2584233 a multiple of 1348?
False
Is 76 a factor of 566814?
False
Is 7 a factor of 13387?
False
Is 182 a factor of 574756?
True
Is 13 a factor of 860899?
True
Is 1394945 a multiple of 108?
False
Is 33 a factor of 16587810?
False
Does 29 divide 172840?
True
Is 2768550 a multiple of 25?
True
Does 15 divide 55313?
False
Is 2543506 a multiple of 55?
False
Does 34 divide 49334?
True
Does 111 divide 65223?
False
Is 2 a factor of 357740?
True
Is 1853029 a multiple of 71?
True
Is 158422 a multiple of 16?
False
Is 157632 a multiple of 32?
True
Is 29738 a multiple of 12?
False
Is 1413327 a multiple of 6?
False
Is 14 a factor of 7895440?
True
Is 164723 a multiple of 2?
False
Does 6 divide 135054?
True
Is 718215 a multiple of 127?
False
Is 119 a factor of 1661835?
True
Is 116611 a multiple of 3?
False
Is 19654 a multiple of 16?
False
Is 793800 a multiple of 525?
True
Is 23 a factor of 2883165?
True
Does 40 divide 4288242?
False
Is 149694 a multiple of 177?
False
Does 393 divide 1060981?
False
Does 34 divide 297976?
True
Is 58 a factor of 10360366?
True
Does 151 divide 523517?
True
Does 6 divide 14538?
True
Is 7990444 a multiple of 22?
True
Does 373 divide 2739312?
True
Is 11317500 a multiple of 180?
True
Is 44 a factor of 954756?
True
Does 36 divide 4514148?
True
Is 5 a factor of 555495?
True
Is 103 a factor of 3486?
False
Is 14 a factor of 272733?
False
Does 586 divide 3025518?
True
Is 316 a factor of 1075348?
True
Is 410784 a multiple of 176?
True
Is 2 a factor of 285093?
False
Is 41 a factor of 223407?
False
Is 179974 a multiple of 58?
True
Is 1331690 a multiple of 4?
False
Is 170 a factor of 1006388?
False
Is 10701 a multiple of 13?
False
Does 22 divide 1909402?
True
Does 10 divide 2322290?
True
Does 14 divide 1865042?
False
Does 182 divide 771400?
False
Does 29 divide 222163?
False
Does 660 divide 1928520?
True
Does 98 divide 35539?
False
Is 4727 even?
False
Is 572 a factor of 3289009?
False
Does 40 divide 373080?
True
Does 10 divide 28390?
True
Does 1704 divide 27584352?
True
Does 171 divide 48351?
False
Does 58 divide 3118602?
True
Is 14 a factor of 551755?
False
Is 27 a factor of 165888?
True
Does 11 divide 6142726?
False
Is 260 a factor of 30940?
True
Is 28726 a multiple of 106?
True
Does 24 divide 187552?
False
Is 316 a factor of 205879?
False
Does 10 divide 55961?
False
Is 15 a factor of 171609?
False
Is 42 a factor of 4891152?
True
Does 169 divide 304538?
True
Does 100 divide 4202229?
False
Is 116142 a multiple of 13?
True
Does 71 divide 315240?
True
Is 113 a factor of 1705509?
True
Does 13 divide 414045?
False
Is 535 a factor of 246100?
True
Does 20 divide 634304?
False
Does 95 divide 1314267?
False
Does 760 divide 5890760?
True
Does 333 divide 2192297?
False
Is 570450 a multiple of 6?
True
Is 37 a factor of 165266?
False
Does 378 divide 1819314?
True
Is 18 a factor of 21003896?
False
Does 127 divide 297940?
False
Does 27 divide 1946970?
True
Is 14 a factor of 162796?
False
Is 649115 a multiple of 12?
False
Is 800350 a multiple of 250?
False
Does 9 divide 338767?
False
Does 3 divide 3199544?
False
Does 4 divide 2688?
True
Does 9 divide 2340?
True
Is 74662 a multiple of 14?
True
Is 52 a factor of 226844?
False
Does 863 divide 8794833?
True
Is 356 a factor of 190740?
False
Is 23 a factor of 23786?
False
Does 24 divide 290184?
True
Is 390 a factor of 1517638?
False
Is 53699 a multiple of 2?
False
Is 36 a factor of 4088861?
False
Is 486066 a multiple of 489?
True
Is 21626 a multiple of 2?
True
Is 21 a factor of 10564671?
False
Is 416388 a multiple of 21?
True
Is 1608638 a multiple of 107?
True
Is 604252 a multiple of 44?
True
Is 181788 a multiple of 3?
True
Is 188 a factor of 181608?
True
Is 520326 a multiple of 422?
True
Is 32 a factor of 379040?
True
Does 171 divide 531424?
False
Is 11 a factor of 3608?
True
Does 24 divide 342648?
True
Is 30346 a multiple of 5?
False
Does 1421 divide 1732090?
False
Does 7 divide 71106?
True
Is 904165 a multiple of 14?
False
Is 521510 a multiple of 431?
True
Does 132 divide 37752?
True
Does 25 divide 838750?
True
Does 728 divide 4664296?
True
Does 27 divide 2449015?
False
Is 154 a factor of 24343873?
False
Is 50 a factor of 1869450?
True
Is 21734 a multiple of 3?
False
Is 26 a factor of 2270632?
True
Is 109075 a multiple of 30?
False
Does 252 divide 2030854?
False
Does 34 divide 16490?
True
Is 156426 a multiple of 87?
True
Is 11703134 a multiple of 196?
False
Is 377496 a multiple of 249?
False
Does 54 divide 105446?
False
Is 205404 a multiple of 12?
True
Is 216008 a multiple of 536?
True
Is 12 a factor of 2190?
False
Is 77507 a multiple of 179?
True
Is 11 a factor of 1586240?
False
Is 7369399 a multiple of 8?
False
Is 555751 a multiple of 47?
False
Is 20 a factor of 71320?
True
Is 55 a factor of 139441?
False
Is 9148131 a multiple of 188?
False
Does 189 divide 1154034?
True
Is 224203 a multiple of 415?
False
Does 16 divide 1552?
True
Is 9091257 a multiple of 329?
True
Does 91 divide 1055782?
True
Does 18 divide 1748970?
True
Is 1643 a multiple of 114?
False
Is 